{"id":171,"date":"2016-10-30T12:40:41","date_gmt":"2016-10-30T12:40:41","guid":{"rendered":"https:\/\/oceanwp.org\/travel\/?page_id=171"},"modified":"2022-01-11T16:07:25","modified_gmt":"2022-01-11T16:07:25","slug":"home","status":"publish","type":"page","link":"https:\/\/leconservateurhaitien.com\/lch.com\/","title":{"rendered":"Home"},"content":{"rendered":"\n<section class=\"wp-block-group section-intro --if--mobile --if--tablet\"><div class=\"wp-block-group__inner-container is-layout-flow wp-block-group-is-layout-flow\">\n<aside id=\"carousel\" class=\"wp-block-group carousel\"><div class=\"wp-block-group__inner-container is-layout-flow wp-block-group-is-layout-flow\">\n<ul class=\"slides wp-block-list\"><li>bIENVENUE SUR LE cONSERVATEUR hA\u00efTIEN !<\/li><li><a href=\"https:\/\/leconservateurhaitien.com\/lch.com\/archives\/281\" data-type=\"post\" data-id=\"281\">nouvelle publication \u00ab<span style=\"color:#a36600\" class=\"has-inline-color\">Quo Vadis?<\/span><\/a>\u00bb<\/li><li>Abonnez-vous et recevez nos articles par email.<\/li><li><a href=\"https:\/\/leconservateurhaitien.com\/community\" data-type=\"page\">Visitez notre forum&#8230;<\/a><\/li><li><a href=\"https:\/\/leconservateurhaitien.com\/community\" data-type=\"page\">Participez \u00e0 la conversation&#8230;<\/a><\/li><\/ul>\n<\/div><\/aside>\n\n\n\n<hr class=\"wp-block-separator is-style-wide hr-hidden\"\/>\n\n\n\n<div class=\"wp-block-columns intro-cols is-layout-flex wp-container-core-columns-is-layout-9d6595d7 wp-block-columns-is-layout-flex\">\n<div class=\"wp-block-column col-promo is-layout-flow wp-block-column-is-layout-flow\"><div class=\"new-book wp-block-lazyblock-hjnb-custom-field lazyblock-hjnb-custom-field-ZC8ueU\"><a href='https:\/\/leconservateurhaitien.com\/lch.com\/archives\/281'>\n<img loading=\"lazy\" src='https:\/\/leconservateurhaitien.com\/lch.com\/wp-content\/uploads\/2021\/03\/quo-vadis-intro.jpg'\/>\n<\/a><\/div><\/div>\n\n\n\n<div class=\"wp-block-column col-slides is-layout-flow wp-block-column-is-layout-flow\"><div class=\"slideshow wp-block-lazyblock-hjnb-custom-field lazyblock-hjnb-custom-field-Cj6h7\" id=\"slideshow\"><script>include('https:\/\/leconservateurhaitien.com\/lch.com\/hjnb\/sliders\/img-slider.js');\nfunction slideTo(index = 0, msecs = 5000) {\n  switchTo( document.getElementById('slideshow'), ['slide','goto'], 'active', index, msecs );\n}\nsetTimeout(slideTo, 5000, 1);<\/script><div class='slide active'>\r\n  <img loading=\"lazy\" class='frame mobi' src='https:\/\/leconservateurhaitien.com\/lch.com\/wp-content\/uploads\/2021\/05\/mobi-frame-1.jpg'\/>\r\n  <img loading=\"lazy\" class='frame full' src='https:\/\/leconservateurhaitien.com\/lch.com\/wp-content\/uploads\/2021\/05\/show-frame-1.jpg'\/>\r\n  <img loading=\"lazy\" class='image mobi' src='https:\/\/leconservateurhaitien.com\/lch.com\/wp-content\/uploads\/2021\/05\/mobi-slide-1.jpg'\/>\r\n  <img loading=\"lazy\" class='image full' src='https:\/\/leconservateurhaitien.com\/lch.com\/wp-content\/uploads\/2021\/05\/show-slide-1.jpg'\/>\r\n<\/div>\r\n<div class='slide'>\r\n  <img loading=\"lazy\" class='frame mobi' src='https:\/\/leconservateurhaitien.com\/lch.com\/wp-content\/uploads\/2021\/05\/mobi-frame-2.jpg'\/>\r\n  <img loading=\"lazy\" class='frame full' src='https:\/\/leconservateurhaitien.com\/lch.com\/wp-content\/uploads\/2021\/05\/show-frame-2.jpg'\/>\r\n  <img loading=\"lazy\" class='image mobi' src='https:\/\/leconservateurhaitien.com\/lch.com\/wp-content\/uploads\/2021\/05\/mobi-slide-2.jpg'\/>\r\n  <img loading=\"lazy\" class='image full' src='https:\/\/leconservateurhaitien.com\/lch.com\/wp-content\/uploads\/2021\/05\/show-slide-2.jpg'\/>\r\n<\/div>\r\n<div class='slide'>\r\n  <img loading=\"lazy\" class='frame mobi' src='https:\/\/leconservateurhaitien.com\/lch.com\/wp-content\/uploads\/2021\/05\/mobi-frame-3.jpg'\/>\r\n  <img loading=\"lazy\" class='frame full' src='https:\/\/leconservateurhaitien.com\/lch.com\/wp-content\/uploads\/2021\/05\/show-frame-3.jpg'\/>\r\n  <img loading=\"lazy\" class='image mobi' src='https:\/\/leconservateurhaitien.com\/lch.com\/wp-content\/uploads\/2021\/05\/mobi-slide-3.jpg'\/>\r\n  <img loading=\"lazy\" class='image full' src='https:\/\/leconservateurhaitien.com\/lch.com\/wp-content\/uploads\/2021\/05\/show-slide-3.jpg'\/>\r\n<\/div>\r\n<div class='navig'>\r\n  <span class='prev' onclick=\"slideTo('-')\">&#10094;<\/span>\r\n  <span class='next' onclick=\"slideTo('+')\">&#10095;<\/span>\r\n<\/div>\r\n<div class='links'>\r\n  <span class='goto' onclick='slideTo(0)'><\/span>\r\n  <span class='goto' onclick='slideTo(1)'><\/span>\r\n  <span class='goto' onclick='slideTo(2)'><\/span>\r\n<\/div><\/div><\/div>\n\n\n\n<div class=\"wp-block-column col-books is-layout-flow wp-block-column-is-layout-flow\">\n<h6 class=\"has-text-align-center sub-heading wp-block-heading\"><a href=\"https:\/\/leconservateurhaitien.com\/books\" data-type=\"page\">\u00e0 lire<\/a><\/h6>\n\n\n<div class=\"top-books wp-block-lazyblock-hjnb-post-list lazyblock-hjnb-post-list-ZovDXh\">  <div class='the-item' rel='nav-books'>\r\n    <img loading=\"lazy\" class='thumb' src='https:\/\/leconservateurhaitien.com\/lch.com\/wp-content\/uploads\/2021\/03\/la-pierre-du-batisseur.jpg'>\r\n  <\/div>\r\n  <div class='the-item' rel='nav-books'>\r\n    <img loading=\"lazy\" class='thumb' src='https:\/\/leconservateurhaitien.com\/lch.com\/wp-content\/uploads\/2021\/03\/le-maitre-des-carrefours.jpg'>\r\n  <\/div>\r\n  <div class='the-item' rel='nav-books'>\r\n    <img loading=\"lazy\" class='thumb' src='https:\/\/leconservateurhaitien.com\/lch.com\/wp-content\/uploads\/2021\/03\/Le-Soulevement-des-ames.jpg'>\r\n  <\/div>\r\n  <div class='the-item' rel='nav-books'>\r\n    <img loading=\"lazy\" class='thumb' src='https:\/\/leconservateurhaitien.com\/lch.com\/wp-content\/uploads\/2021\/03\/Un-educateur-sinterroge.jpg'>\r\n  <\/div>\r\n  <div class='the-item' rel='nav-books'>\r\n    <img loading=\"lazy\" class='thumb' src='https:\/\/leconservateurhaitien.com\/lch.com\/wp-content\/uploads\/2021\/03\/les-freres-karamazov.jpg'>\r\n  <\/div>\r\n  <div class='the-item' rel='nav-books'>\r\n    <img loading=\"lazy\" class='thumb' src='https:\/\/leconservateurhaitien.com\/lch.com\/wp-content\/uploads\/2021\/03\/crime-et-chatiment.jpg'>\r\n  <\/div>\r\n  <div class='the-item' rel='nav-books'>\r\n    <img loading=\"lazy\" class='thumb' src='https:\/\/leconservateurhaitien.com\/lch.com\/wp-content\/uploads\/2021\/03\/les-jacobins-noirs.jpg'>\r\n  <\/div>\r\n  <div class='the-item' rel='nav-books'>\r\n    <img loading=\"lazy\" class='thumb' src='https:\/\/leconservateurhaitien.com\/lch.com\/wp-content\/uploads\/2021\/03\/la-litterature-en-peril.jpg'>\r\n  <\/div>\r\n  <div class='the-item' rel='nav-books'>\r\n    <img loading=\"lazy\" class='thumb' src='https:\/\/leconservateurhaitien.com\/lch.com\/wp-content\/uploads\/2021\/03\/les-pouvoir-des-idees.jpg'>\r\n  <\/div>\r\n  <div class='the-item' rel='nav-books'>\r\n    <img loading=\"lazy\" class='thumb' src='https:\/\/leconservateurhaitien.com\/lch.com\/wp-content\/uploads\/2021\/03\/mourir-pour-haiti.jpg'>\r\n  <\/div>\r\n  <div class='the-item' rel='nav-books'>\r\n    <img loading=\"lazy\" class='thumb' src='https:\/\/leconservateurhaitien.com\/lch.com\/wp-content\/uploads\/2021\/03\/toussaint-louverture-2.jpg'>\r\n  <\/div>\r\n  <div class='the-item' rel='nav-books'>\r\n    <img loading=\"lazy\" class='thumb' src='https:\/\/leconservateurhaitien.com\/lch.com\/wp-content\/uploads\/2021\/02\/art-of-war-cover-1568x2424.jpg'>\r\n  <\/div>\r\n  <div class='the-item' rel='nav-books'>\r\n    <img loading=\"lazy\" class='thumb' src='https:\/\/leconservateurhaitien.com\/lch.com\/wp-content\/uploads\/2021\/02\/poetry-with-reason-cover.jpg'>\r\n  <\/div>\r\n  <div class='the-item' rel='nav-books'>\r\n    <img loading=\"lazy\" class='thumb' src='https:\/\/leconservateurhaitien.com\/lch.com\/wp-content\/uploads\/2020\/10\/book_front_cover.jpg'>\r\n  <\/div>\r\n  <div class='the-item' rel='nav-books'>\r\n    <img loading=\"lazy\" class='thumb' src='https:\/\/leconservateurhaitien.com\/lch.com\/wp-content\/uploads\/2020\/10\/Cover-Page-small.jpg'>\r\n  <\/div>\r\n  <div class='the-item' rel='nav-books'>\r\n    <img loading=\"lazy\" class='thumb' src='https:\/\/leconservateurhaitien.com\/lch.com\/wp-content\/uploads\/2018\/01\/12-rules-for-life-550x406-1.jpg'>\r\n  <\/div>\r\n  <div class='the-item' rel='nav-books'>\r\n    <img loading=\"lazy\" class='thumb' src='https:\/\/leconservateurhaitien.com\/lch.com\/wp-content\/uploads\/2021\/01\/basic-econimics-550x406-1.jpg'>\r\n  <\/div>\r\n  <div class='the-item' rel='nav-books'>\r\n    <img loading=\"lazy\" class='thumb' src='https:\/\/leconservateurhaitien.com\/lch.com\/wp-content\/uploads\/2006\/04\/Black-Rednecks-White-Liberals.jpg'>\r\n  <\/div>\r\n<\/div><\/div>\n\n\n\n<div class=\"wp-block-column col-quote is-layout-flow wp-block-column-is-layout-flow\">\n<div class=\"wp-block-cover intro-quote\"><img decoding=\"async\" width=\"1000\" height=\"120\" loading=\"lazy\" class=\"wp-block-cover__image-background wp-image-3091\" alt=\"\" src=\"https:\/\/leconservateurhaitien.com\/lch.com\/wp-content\/uploads\/2021\/05\/quote-bkgnd.jpg\" data-object-fit=\"cover\" srcset=\"https:\/\/leconservateurhaitien.com\/lch.com\/wp-content\/uploads\/2021\/05\/quote-bkgnd.jpg 1000w, https:\/\/leconservateurhaitien.com\/lch.com\/wp-content\/uploads\/2021\/05\/quote-bkgnd-300x36.jpg 300w, https:\/\/leconservateurhaitien.com\/lch.com\/wp-content\/uploads\/2021\/05\/quote-bkgnd-768x92.jpg 768w\" sizes=\"auto, (max-width: 1000px) 100vw, 1000px\" \/><div class=\"wp-block-cover__inner-container is-layout-flow wp-block-cover-is-layout-flow\">\n<p class=\"has-text-align-center has-text-color\" style=\"color:#fefafa\">&#8220;Si une nation accorde plus de valeur \u00e0 n&#8217;importe quoi d&#8217;autre qu&#8217;\u00e0 sa libert\u00e9, elle perdra sa libert\u00e9. Ironiquement,<br>si c&#8217;est au confort ou \u00e0 la richesse qu&#8217; elle accorde plus de valeur, elle les perdra aussi.&#8221;<\/p>\n\n\n\n<p class=\"has-text-align-center has-text-color\" style=\"color:#fefafa\"><em>Somerset Maugham.<\/em><\/p>\n<\/div><\/div>\n\n\n\n<hr class=\"wp-block-separator hr-hidden\"\/>\n<\/div>\n<\/div>\n\n\n\n<div class=\"wp-block-columns columns is-layout-flex wp-container-core-columns-is-layout-9d6595d7 wp-block-columns-is-layout-flex\">\n<div class=\"wp-block-column col-texts is-layout-flow wp-block-column-is-layout-flow\" style=\"flex-basis:50%\">\n<h6 class=\"has-text-align-center sub-heading wp-block-heading\"><a href=\"https:\/\/leconservateurhaitien.com\/lch.com\/texts\" data-type=\"page\" data-id=\"2882\">Les Articles R\u00e9centS<\/a><\/h6>\n\n\n<div class=\"intro-texts wp-block-lazyblock-hjnb-post-list lazyblock-hjnb-post-list-2uQEzT\"><a class='the-item' href='https:\/\/leconservateurhaitien.com\/lch.com\/archives\/3444'>\r\n  <img decoding=\"async\" loading=\"lazy\" width=\"1024\" height=\"768\" src=\"https:\/\/leconservateurhaitien.com\/lch.com\/wp-content\/uploads\/2023\/05\/Bible-Levitique.jpg\" class=\"attachment-post-thumbnail size-post-thumbnail wp-post-image\" alt=\"\" srcset=\"https:\/\/leconservateurhaitien.com\/lch.com\/wp-content\/uploads\/2023\/05\/Bible-Levitique.jpg 1024w, https:\/\/leconservateurhaitien.com\/lch.com\/wp-content\/uploads\/2023\/05\/Bible-Levitique-300x225.jpg 300w, https:\/\/leconservateurhaitien.com\/lch.com\/wp-content\/uploads\/2023\/05\/Bible-Levitique-768x576.jpg 768w\" sizes=\"auto, (max-width: 1024px) 100vw, 1024px\" style=\"width:100%;height:75%;max-width:1024px;\" \/>  <div class='clip-text'>\r\n    <div class='title'>Voyeurisme spirituel\u00a0: les Divinations du \u00ab\u00a0V\u00e9n\u00e9rable\u00a0\u00bb Lova Toussaint face \u00e0 la Bible<\/div>\r\n    <div class='excpt'>La divination est d\u00e9moniaque. La Bible la condamne. Ce texte explique pourquoi le christianisme est si hostile aux divinateurs comme Lova Toussaint.<\/div>\r\n  <\/div>\r\n<\/a>\r\n<a class='the-item' href='https:\/\/leconservateurhaitien.com\/lch.com\/archives\/3434'>\r\n    <div class='clip-text'>\r\n    <div class='title'>Pauvres jeunes, pauvres Bizangos<\/div>\r\n    <div class='excpt'>Un &#8220;Bizango&#8221; n&#8217;est qu&#8217;un pauvre bougre, ignorant, \u00e9gar\u00e9, qui n&#8217;a aucune id\u00e9e de la port\u00e9e ni du sens de ses choix.<\/div>\r\n  <\/div>\r\n<\/a>\r\n<a class='the-item' href='https:\/\/leconservateurhaitien.com\/lch.com\/archives\/3422'>\r\n  <img decoding=\"async\" loading=\"lazy\" width=\"601\" height=\"291\" src=\"https:\/\/leconservateurhaitien.com\/lch.com\/wp-content\/uploads\/2022\/01\/Le-nationalisme-sans-la-nation.jpg\" class=\"attachment-post-thumbnail size-post-thumbnail wp-post-image\" alt=\"\" srcset=\"https:\/\/leconservateurhaitien.com\/lch.com\/wp-content\/uploads\/2022\/01\/Le-nationalisme-sans-la-nation.jpg 601w, https:\/\/leconservateurhaitien.com\/lch.com\/wp-content\/uploads\/2022\/01\/Le-nationalisme-sans-la-nation-300x145.jpg 300w\" sizes=\"auto, (max-width: 601px) 100vw, 601px\" style=\"width:100%;height:48.42%;max-width:601px;\" \/>  <div class='clip-text'>\r\n    <div class='title'>Dans la maison de mes fr\u00e8res\u00a0: le nationalisme sans la nation<\/div>\r\n    <div class='excpt'>L\u2019\u00e9cole \u00e0 plusieurs vitesses est une bonne chose<\/div>\r\n  <\/div>\r\n<\/a>\r\n<a class='the-item' href='https:\/\/leconservateurhaitien.com\/lch.com\/archives\/3418'>\r\n    <div class='clip-text'>\r\n    <div class='title'>Au commencement \u00e9tait\u2026 Toussaint Louverture<\/div>\r\n    <div class='excpt'>Le Jeudi Saint de l\u2019ann\u00e9e 1803, un vieux n\u00e8gre, catholique convaincu, mourait, seul, dans les cachots d\u2019une prison de France. Son crime\u00a0? Il avait conduit et form\u00e9 ses fr\u00e8res noirs \u00e0 la libert\u00e9. Aujourd\u2019hui, 7 avril 2022, ram\u00e8ne le 219\u00e8me anniversaire de la mort de Toussaint Louverture. La plupart de nos enfants ne savent m\u00eame pas que c\u2019est \u00e0 lui que nous devons cette libert\u00e9 que nous avons pi\u00e9tin\u00e9e pendant nos deux si\u00e8cles d\u2019histoire. Le premier moment\u00a0: Dans la nuit\u2026<\/div>\r\n  <\/div>\r\n<\/a>\r\n<\/div><\/div>\n\n\n\n<div class=\"wp-block-column col-videos is-layout-flow wp-block-column-is-layout-flow\" style=\"flex-basis:50%\">\n<h6 class=\"has-text-align-center sub-heading wp-block-heading\"><a href=\"https:\/\/leconservateurhaitien.com\/lch.com\/videos\" data-type=\"page\" data-id=\"2884\">Les Videos<\/a><\/h6>\n\n\n<div class=\"top-playlists --if--narrow wp-block-lazyblock-hjnb-custom-field lazyblock-hjnb-custom-field-m5p0o\"><div class='the-item' lid='PLkm4Fu28W7U3jAvrD0Zyc0L47vA-b3d-w' rel='run-video'>\r\n  <img loading=\"lazy\" class='thumb' src='https:\/\/i.ytimg.com\/vi\/R6YYiZVQMFg\/mqdefault.jpg' \/>\r\n  <div class='title'>Education \/ Histoire<\/div>\r\n<\/div>\r\n<div class='the-item' lid='PLkm4Fu28W7U1nDONNKXOQOJP3Ec6Kw_G2' rel='run-video'>\r\n  <img loading=\"lazy\" class='thumb' src='https:\/\/i.ytimg.com\/vi\/MQQjGIqH_oA\/mqdefault.jpg' \/>\r\n  <div class='title'>Films &#038; Documentaires<\/div>\r\n<\/div>\r\n<div class='the-item' lid='PLkm4Fu28W7U1RArVt55ZzN9d5hQplcO1W' rel='run-video'>\r\n  <img loading=\"lazy\" class='thumb' src='https:\/\/i.ytimg.com\/vi\/YPEQMJ0w2qI\/mqdefault.jpg' \/>\r\n  <div class='title'>Podcasts<\/div>\r\n<\/div>\r\n<div class='the-item' lid='PLkm4Fu28W7U1-StHP8CA2fGbBrS6Iwr_o' rel='run-video'>\r\n  <img loading=\"lazy\" class='thumb' src='https:\/\/i.ytimg.com\/vi\/aJxBLtMpIZU\/mqdefault.jpg' \/>\r\n  <div class='title'>Haiti \/ Culture<\/div>\r\n<\/div>\r\n<\/div><\/div>\n<\/div>\n\n\n\n<hr class=\"wp-block-separator is-style-wide hr-hidden\"\/>\n\n\n\n<hr class=\"wp-block-separator is-style-wide hr-hidden\"\/>\n\n\n<nav class=\"is-responsive nav-btns wp-block-navigation is-layout-flex wp-block-navigation-is-layout-flex\" \n\t\t data-wp-interactive=\"core\/navigation\" data-wp-context='{\"overlayOpenedBy\":{\"click\":false,\"hover\":false,\"focus\":false},\"type\":\"overlay\",\"roleAttribute\":\"\",\"ariaLabel\":\"Menu\"}'><button aria-haspopup=\"dialog\" aria-label=\"Ouvrir le menu\" class=\"wp-block-navigation__responsive-container-open\" \n\t\t\t\tdata-wp-on--click=\"actions.openMenuOnClick\"\n\t\t\t\tdata-wp-on--keydown=\"actions.handleMenuKeydown\"\n\t\t\t><svg width=\"24\" height=\"24\" xmlns=\"http:\/\/www.w3.org\/2000\/svg\" viewBox=\"0 0 24 24\" aria-hidden=\"true\" focusable=\"false\"><path d=\"M4 7.5h16v1.5H4z\"><\/path><path d=\"M4 15h16v1.5H4z\"><\/path><\/svg><\/button>\n\t\t\t\t<div class=\"wp-block-navigation__responsive-container\"  id=\"modal-1\" \n\t\t\t\tdata-wp-class--has-modal-open=\"state.isMenuOpen\"\n\t\t\t\tdata-wp-class--is-menu-open=\"state.isMenuOpen\"\n\t\t\t\tdata-wp-watch=\"callbacks.initMenu\"\n\t\t\t\tdata-wp-on--keydown=\"actions.handleMenuKeydown\"\n\t\t\t\tdata-wp-on--focusout=\"actions.handleMenuFocusout\"\n\t\t\t\ttabindex=\"-1\"\n\t\t\t>\n\t\t\t\t\t<div class=\"wp-block-navigation__responsive-close\" tabindex=\"-1\">\n\t\t\t\t\t\t<div class=\"wp-block-navigation__responsive-dialog\" \n\t\t\t\tdata-wp-bind--aria-modal=\"state.ariaModal\"\n\t\t\t\tdata-wp-bind--aria-label=\"state.ariaLabel\"\n\t\t\t\tdata-wp-bind--role=\"state.roleAttribute\"\n\t\t\t>\n\t\t\t\t\t\t\t<button aria-label=\"Fermer le menu\" class=\"wp-block-navigation__responsive-container-close\" \n\t\t\t\tdata-wp-on--click=\"actions.closeMenuOnClick\"\n\t\t\t><svg xmlns=\"http:\/\/www.w3.org\/2000\/svg\" viewBox=\"0 0 24 24\" width=\"24\" height=\"24\" aria-hidden=\"true\" focusable=\"false\"><path d=\"m13.06 12 6.47-6.47-1.06-1.06L12 10.94 5.53 4.47 4.47 5.53 10.94 12l-6.47 6.47 1.06 1.06L12 13.06l6.47 6.47 1.06-1.06L13.06 12Z\"><\/path><\/svg><\/button>\n\t\t\t\t\t\t\t<div class=\"wp-block-navigation__responsive-container-content\" \n\t\t\t\tdata-wp-watch=\"callbacks.focusFirstElement\"\n\t\t\t id=\"modal-1-content\">\n\t\t\t\t\t\t\t\t<ul class=\"wp-block-navigation__container is-responsive nav-btns wp-block-navigation\"><li class=\" wp-block-navigation-item wp-block-navigation-link\"><a class=\"wp-block-navigation-item__content\"  href=\"#books\" rel=\"nav-books\"><span class=\"wp-block-navigation-item__label\"><img decoding=\"async\" width=\"70\" height=\"70\" loading=\"lazy\" class=\"wp-image-936\" style=\"width: 70px\" src=\"https:\/\/leconservateurhaitien.com\/lch.com\/wp-content\/uploads\/2020\/11\/icon-book-open.png\" alt=\"\">Livres &amp; Recueils<\/span><\/a><\/li><li class=\" wp-block-navigation-item wp-block-navigation-link\"><a class=\"wp-block-navigation-item__content\"  href=\"#texts\" rel=\"nav-texts\"><span class=\"wp-block-navigation-item__label\"><img decoding=\"async\" width=\"58\" height=\"70\" loading=\"lazy\" class=\"wp-image-934\" style=\"width: 58px\" src=\"https:\/\/leconservateurhaitien.com\/lch.com\/wp-content\/uploads\/2020\/11\/icon-texts.png\" alt=\"\">Textes &amp; Articles<\/span><\/a><\/li><li class=\" wp-block-navigation-item wp-block-navigation-link\"><a class=\"wp-block-navigation-item__content\"  href=\"#videos\" rel=\"nav-videos\"><span class=\"wp-block-navigation-item__label\"><img decoding=\"async\" width=\"84\" height=\"70\" loading=\"lazy\" class=\"wp-image-967\" style=\"width: 84px\" src=\"https:\/\/leconservateurhaitien.com\/lch.com\/wp-content\/uploads\/2020\/11\/icon-podcast.png\" alt=\"\">Videos &amp; Podcasts<\/span><\/a><\/li><li class=\" wp-block-navigation-item wp-block-navigation-link\"><a class=\"wp-block-navigation-item__content\"  href=\"#\" rel=\"nav-forum\"><span class=\"wp-block-navigation-item__label\"><img decoding=\"async\" width=\"70\" height=\"70\" loading=\"lazy\" class=\"wp-image-935\" style=\"width: 70px\" src=\"https:\/\/leconservateurhaitien.com\/lch.com\/wp-content\/uploads\/2020\/11\/icon-users-discussion.png\" alt=\"\">Forum Discussion<\/span><\/a><\/li><\/ul>\n\t\t\t\t\t\t\t<\/div>\n\t\t\t\t\t\t<\/div>\n\t\t\t\t\t<\/div>\n\t\t\t\t<\/div><\/nav>\n\n<div class=\"wp-block-lazyblock-hjnb-page-globals lazyblock-hjnb-page-globals-17IOaB\"><style>@import url('https:\/\/leconservateurhaitien.com\/lch.com\/hjnb\/styles\/common.css');\n@import url('https:\/\/leconservateurhaitien.com\/lch.com\/hjnb\/styles\/front-page.css');<\/style><script>pageBounce((dir) => {\n  if (dir < 0) return site_actions('nav-videos');\n  if (dir > 0) return site_actions('nav-books');\n});\n\nsetInterval(carousel, 3000, (window.__slider || (window.__slider = queryOne('#carousel .slides'))), 5);<\/script><\/div><\/div><\/section>\n\n\n\n<p><\/p>\n","protected":false},"excerpt":{"rendered":"<p>bIENVENUE SUR LE cONSERVATEUR hA\u00efTIEN ! nouvelle publication \u00abQuo Vadis?\u00bb Abonnez-vous et recevez nos articles par email. Visitez notre forum&#8230; Participez \u00e0 la conversation&#8230; \u00e0 lire Les Articles R\u00e9centS Les Videos<\/p>\n","protected":false},"author":1,"featured_media":0,"parent":0,"menu_order":0,"comment_status":"closed","ping_status":"closed","template":"","meta":{"nf_dc_page":"","footnotes":""},"class_list":["post-171","page","type-page","status-publish","hentry","entry"],"_links":{"self":[{"href":"https:\/\/leconservateurhaitien.com\/lch.com\/wp-json\/wp\/v2\/pages\/171","targetHints":{"allow":["GET"]}}],"collection":[{"href":"https:\/\/leconservateurhaitien.com\/lch.com\/wp-json\/wp\/v2\/pages"}],"about":[{"href":"https:\/\/leconservateurhaitien.com\/lch.com\/wp-json\/wp\/v2\/types\/page"}],"author":[{"embeddable":true,"href":"https:\/\/leconservateurhaitien.com\/lch.com\/wp-json\/wp\/v2\/users\/1"}],"replies":[{"embeddable":true,"href":"https:\/\/leconservateurhaitien.com\/lch.com\/wp-json\/wp\/v2\/comments?post=171"}],"version-history":[{"count":4,"href":"https:\/\/leconservateurhaitien.com\/lch.com\/wp-json\/wp\/v2\/pages\/171\/revisions"}],"predecessor-version":[{"id":3376,"href":"https:\/\/leconservateurhaitien.com\/lch.com\/wp-json\/wp\/v2\/pages\/171\/revisions\/3376"}],"wp:attachment":[{"href":"https:\/\/leconservateurhaitien.com\/lch.com\/wp-json\/wp\/v2\/media?parent=171"}],"curies":[{"name":"wp","href":"https:\/\/api.w.org\/{rel}","templated":true}]}}