{"id":2884,"date":"2021-04-27T08:13:19","date_gmt":"2021-04-27T08:13:19","guid":{"rendered":"https:\/\/leconservateurhaitien.com\/lch.com\/?page_id=2884"},"modified":"2021-04-29T02:10:19","modified_gmt":"2021-04-29T02:10:19","slug":"videos","status":"publish","type":"page","link":"https:\/\/leconservateurhaitien.com\/lch.com\/videos","title":{"rendered":"Video Home"},"content":{"rendered":"\n<section class=\"wp-block-group section-videos\"><div class=\"wp-block-group__inner-container is-layout-flow wp-block-group-is-layout-flow\"><div class=\"wp-block-lazyblock-hjnb-page-globals lazyblock-hjnb-page-globals-Z1yBz13\"><style>@import url('https:\/\/leconservateurhaitien.com\/lch.com\/hjnb\/styles\/common.css');\n@import url('https:\/\/leconservateurhaitien.com\/lch.com\/hjnb\/styles\/front-page.css');<\/style><script>pageBounce((dir) => {\n  if (dir < 0) return site_actions('nav-texts');\n  if (dir > 0) return site_actions('nav-home');\n});<\/script><\/div>\n\n\n<h4 class=\"section-heading wp-block-heading\" id=\"videos\"><img decoding=\"async\" width=\"40\" height=\"60\" loading=\"lazy\" class=\"wp-image-1934\" style=\"width: 40px;\" src=\"https:\/\/leconservateurhaitien.com\/lch.com\/wp-content\/uploads\/2020\/12\/icon-film-reel-strip.png\" alt=\"\">Vid\u00e9os et Podcasts<br>Ecoutez nos podcasts et commentaires<\/h4>\n\n\n\n<div class=\"wp-block-columns responsive columns is-layout-flex wp-container-core-columns-is-layout-9d6595d7 wp-block-columns-is-layout-flex\">\n<div class=\"wp-block-column content is-layout-flow wp-block-column-is-layout-flow\" style=\"flex-basis:70%\"><div class=\"video-player wp-block-lazyblock-hjnb-custom-field lazyblock-hjnb-custom-field-Z1ufDCM\"><div id='yt-player'>&#8230;<\/div><\/div>\n\n<div class=\"media-grid wp-block-lazyblock-hjnb-post-list lazyblock-hjnb-post-list-67iHe\"><script>include('https:\/\/leconservateurhaitien.com\/lch.com\/hjnb\/youtube\/youtube.js', null, function()\n{   \/\/----\n    \/\/queryOne('.lazyblock-hjnb-post-list-67iHe').addEventListener('click', yt_link_video);\n    yt_init_player('yt-player','video-sidebar','PLkm4Fu28W7U1-StHP8CA2fGbBrS6Iwr_o');\n}); \/\/----<\/script>  <div class='the-item' lid='PLkm4Fu28W7U3jAvrD0Zyc0L47vA-b3d-w' rel='run-video'>\r\n    <h5 class='sub-heading'>\r\n      Education \/ Histoire (1)<\/h5>\r\n    <div class='list'>\r\n        <div class='article' vid='R6YYiZVQMFg'>\r\n        <img loading=\"lazy\" class='thumb' src='https:\/\/i.ytimg.com\/vi\/R6YYiZVQMFg\/default.jpg'\/>\r\n        <div class='meta'>\r\n          <span>11:25<\/span>\r\n          <span>13 years ago<\/span><\/div>\r\n        <div class='title'>\r\n          La questiologie ou l&#8217;art de poser les bonnes questions: Frederic Falisse at TEDxPantheonSorbonne<\/div>\r\n      <\/div>\r\n      <\/div>\r\n  <\/div>\r\n  <div class='the-item' lid='PLkm4Fu28W7U1nDONNKXOQOJP3Ec6Kw_G2' rel='run-video'>\r\n    <h5 class='sub-heading'>\r\n      Films &#038; Documentaires (1)<\/h5>\r\n    <div class='list'>\r\n        <div class='article' vid='MQQjGIqH_oA'>\r\n        <img loading=\"lazy\" class='thumb' src='https:\/\/i.ytimg.com\/vi\/MQQjGIqH_oA\/default.jpg'\/>\r\n        <div class='meta'>\r\n          <span>6:07:46<\/span>\r\n          <span>8 years ago<\/span><\/div>\r\n        <div class='title'>\r\n          JESUS de Nazareth film entier<\/div>\r\n      <\/div>\r\n      <\/div>\r\n  <\/div>\r\n  <div class='the-item' lid='PLkm4Fu28W7U1RArVt55ZzN9d5hQplcO1W' rel='run-video'>\r\n    <h5 class='sub-heading'>\r\n      Podcasts (3)<\/h5>\r\n    <div class='list'>\r\n        <div class='article' vid='YPEQMJ0w2qI'>\r\n        <img loading=\"lazy\" class='thumb' src='https:\/\/i.ytimg.com\/vi\/YPEQMJ0w2qI\/default.jpg'\/>\r\n        <div class='meta'>\r\n          <span>39:52<\/span>\r\n          <span>13 years ago<\/span><\/div>\r\n        <div class='title'>\r\n          Uncommon Knowledge with Thomas Sowell<\/div>\r\n      <\/div>\r\n        <div class='article' vid='48ewiClu9Ho'>\r\n        <img loading=\"lazy\" class='thumb' src='https:\/\/i.ytimg.com\/vi\/48ewiClu9Ho\/default.jpg'\/>\r\n        <div class='meta'>\r\n          <span>4:41<\/span>\r\n          <span>6 years ago<\/span><\/div>\r\n        <div class='title'>\r\n          Auckland Clip 3:  The Dawning of the Moral Sense<\/div>\r\n      <\/div>\r\n        <div class='article' vid='Wh0QaMr26gA'>\r\n        <img loading=\"lazy\" class='thumb' src='https:\/\/i.ytimg.com\/vi\/Wh0QaMr26gA\/default.jpg'\/>\r\n        <div class='meta'>\r\n          <span>33:21<\/span>\r\n          <span>2 years ago<\/span><\/div>\r\n        <div class='title'>\r\n          Vers l&#8217;Apartheid: le cr\u00e9ole \u00e0 l&#8217;\u00e9cole en Haiti<\/div>\r\n      <\/div>\r\n      <\/div>\r\n  <\/div>\r\n  <div class='the-item' lid='PLkm4Fu28W7U1-StHP8CA2fGbBrS6Iwr_o' rel='run-video'>\r\n    <h5 class='sub-heading'>\r\n      Haiti \/ Culture (4)<\/h5>\r\n    <div class='list'>\r\n        <div class='article' vid='HNpVKx1-gX4'>\r\n        <img loading=\"lazy\" class='thumb' src='https:\/\/i.ytimg.com\/vi\/HNpVKx1-gX4\/default.jpg'\/>\r\n        <div class='meta'>\r\n          <span>3:14<\/span>\r\n          <span>16 years ago<\/span><\/div>\r\n        <div class='title'>\r\n          Carly Joseph &#8211; Bel Tablo Sa-a (2\u00e8me Konkou Mizik)<\/div>\r\n      <\/div>\r\n        <div class='article' vid='dd80R4BRN4k'>\r\n        <img loading=\"lazy\" class='thumb' src='https:\/\/i.ytimg.com\/vi\/dd80R4BRN4k\/default.jpg'\/>\r\n        <div class='meta'>\r\n          <span>3:04<\/span>\r\n          <span>17 years ago<\/span><\/div>\r\n        <div class='title'>\r\n          Sidon Joseph &#8211; Ayiti Zantray (1986)<\/div>\r\n      <\/div>\r\n        <div class='article' vid='o5qn2gfBT9o'>\r\n        <img loading=\"lazy\" class='thumb' src='https:\/\/i.ytimg.com\/vi\/o5qn2gfBT9o\/default.jpg'\/>\r\n        <div class='meta'>\r\n          <span>7:33<\/span>\r\n          <span>18 years ago<\/span><\/div>\r\n        <div class='title'>\r\n          CECILIA &#8212; Jean Claude Eugene<\/div>\r\n      <\/div>\r\n        <div class='article' vid='w7eWlevejR0'>\r\n        <img loading=\"lazy\" class='thumb' src='https:\/\/i.ytimg.com\/vi\/w7eWlevejR0\/default.jpg'\/>\r\n        <div class='meta'>\r\n          <span>7:30<\/span>\r\n          <span>10 years ago<\/span><\/div>\r\n        <div class='title'>\r\n          Fidel<\/div>\r\n      <\/div>\r\n      <\/div>\r\n  <\/div>\r\n<\/div><\/div>\n\n\n\n<div class=\"wp-block-column sidebar video-sidebar is-layout-flow wp-block-column-is-layout-flow\" style=\"flex-basis:30%\" id=\"video-sidebar\"><\/div>\n<\/div>\n<\/div><\/section>\n","protected":false},"excerpt":{"rendered":"<p>Vid\u00e9os et PodcastsEcoutez nos podcasts et commentaires<\/p>\n","protected":false},"author":3,"featured_media":0,"parent":0,"menu_order":0,"comment_status":"closed","ping_status":"closed","template":"","meta":{"nf_dc_page":"","footnotes":""},"class_list":["post-2884","page","type-page","status-publish","hentry","entry"],"_links":{"self":[{"href":"https:\/\/leconservateurhaitien.com\/lch.com\/wp-json\/wp\/v2\/pages\/2884","targetHints":{"allow":["GET"]}}],"collection":[{"href":"https:\/\/leconservateurhaitien.com\/lch.com\/wp-json\/wp\/v2\/pages"}],"about":[{"href":"https:\/\/leconservateurhaitien.com\/lch.com\/wp-json\/wp\/v2\/types\/page"}],"author":[{"embeddable":true,"href":"https:\/\/leconservateurhaitien.com\/lch.com\/wp-json\/wp\/v2\/users\/3"}],"replies":[{"embeddable":true,"href":"https:\/\/leconservateurhaitien.com\/lch.com\/wp-json\/wp\/v2\/comments?post=2884"}],"version-history":[{"count":4,"href":"https:\/\/leconservateurhaitien.com\/lch.com\/wp-json\/wp\/v2\/pages\/2884\/revisions"}],"predecessor-version":[{"id":2927,"href":"https:\/\/leconservateurhaitien.com\/lch.com\/wp-json\/wp\/v2\/pages\/2884\/revisions\/2927"}],"wp:attachment":[{"href":"https:\/\/leconservateurhaitien.com\/lch.com\/wp-json\/wp\/v2\/media?parent=2884"}],"curies":[{"name":"wp","href":"https:\/\/api.w.org\/{rel}","templated":true}]}}